
1909b
In base 11, what is 6026a425 + -5?
6026a420
In base 10, what is 54457 - 10762?
43695
In base 2, what is -11 + 10001111011110100111110010?
10001111011110100111101111
In base 12, what is 350a170 - 3?
350a169
In base 6, what is 55 - 345253?
-345154
In base 14, what is -1277b56 - -3?
-1277b53
In base 12, what is -3 - 8a921760?
-8a921763
In base 6, what is -3021022 + -35?
-3021101
In base 6, what is -12531100 + -1025?
-12532125
In base 7, what is 53651 - -1025?
55006
In base 4, what is 310102000232 - 3?
310102000223
In base 3, what is 10111201210211200110 - -1?
10111201210211200111
In base 5, what is 3034134441 + -12?
3034134424
In base 12, what is 0 + 322739?
322739
In base 7, what is 5 + -21656410?
-21656402
In base 6, what is 0 + 132142232?
132142232
In base 9, what is -16 + -21346?
-21363
In base 10, what is 55 - 1478824?
-1478769
In base 13, what is -3 + -12618a99?
-12618a9c
In base 10, what is -663 + -2698?
-3361
In base 15, what is -2c5 - 10e575?
-10e84a
In base 6, what is -202433 + 1311?
-201122
In base 16, what is -1 + e265c34?
e265c33
In base 8, what is 4036 - 10041?
-4003
In base 10, what is 13 + 13604469?
13604482
In base 11, what is -aa6026 + -27?
-aa6052
In base 11, what is 718003 + 2?
718005
In base 8, what is 0 + 2104603?
2104603
In base 5, what is -4201444313 - 4?
-4201444322
In base 10, what is -16462 + -10585?
-27047
In base 7, what is -45310 + 15631?
-26346
In base 5, what is 334 + -3211304?
-3210420
In base 7, what is 0 + -11236140542?
-11236140542
In base 14, what is 6d2a4 - 9a?
6d208
In base 15, what is e61c03a + 8?
e61c043
In base 14, what is -4 - -6c769bb?
6c769b7
In base 2, what is -10 + 11011100001000111000101?
11011100001000111000011
In base 5, what is 320111420 - -2?
320111422
In base 16, what is -4a3c4 - 217?
-4a5db
In base 11, what is -777a - -14518?
7849
In base 2, what is -1110111 + 10100010?
101011
In base 9, what is -18 + 11807862?
11807843
In base 16, what is -8 + da7?
d9f
In base 5, what is 13223111 - 2324?
13220232
In base 12, what is -5589a37b + 2?
-5589a379
In base 12, what is -80 - -1ba2a5?
1ba225
In base 16, what is 153be - -22?
153e0
In base 14, what is 2d0a860 - 3?
2d0a85b
In base 8, what is 1 - -45045010?
45045011
In base 5, what is -1232310140 + 2?
-1232310133
In base 16, what is 1 - 8fd2d2e?
-8fd2d2d
In base 4, what is 100213232 - 30010?
100123222
In base 5, what is -40214 - -322?
-34342
In base 11, what is -244aa8 + 1498?
-243610
In base 3, what is 1110 - 10022022221010?
-10022022212200
In base 16, what is 4 - 5fa0cd?
-5fa0c9
In base 7, what is 6036 - -12051?
21120
In base 5, what is 2004 + -4413102?
-4411043
In base 10, what is 0 + 14529854?
14529854
In base 7, what is -10 - 642310443?
-642310453
In base 5, what is 2 - -1143432422?
1143432424
In base 14, what is -4 - -2c0b07c?
2c0b078
In base 4, what is -10001001 - -1102202?
-2232133
In base 4, what is 2330300 - 13101?
2311133
In base 14, what is -75 + -373310?
-373385
In base 14, what is 5123 + -110d2?
-9dad
In base 13, what is -1c7b2a8 + -7?
-1c7b2b2
In base 15, what is -14c0 - -23b0?
de0
In base 6, what is -10510 - 1230?
-12140
In base 7, what is -11 - -42261311?
42261300
In base 15, what is 28cbba69 - 4?
28cbba65
In base 6, what is 204 + -304320542?
-304320334
In base 6, what is 4410441 - 1025?
4405412
In base 3, what is -22021102122112 - -2012?
-22021102120100
In base 8, what is 70623 + -253?
70350
In base 3, what is -200020 + 2201102011011?
2201101110221
In base 11, what is 15 + 1649444?
1649459
In base 9, what is 32867705 + -3?
32867702
In base 12, what is 2 + 585477?
585479
In base 7, what is -3421225342 + -3?
-3421225345
In base 8, what is 51346226 - -5?
51346233
In base 14, what is 13a705 + -38?
13a6ab
In base 13, what is -460863 - -2?
-460861
In base 2, what is 11 - 11001010111100111000011100?
-11001010111100111000011001
In base 8, what is 160373 + -647?
157524
In base 14, what is -17661 + -d90?
-18611
In base 7, what is -1304664661 + 6?
-1304664652
In base 15, what is 9b - -4965?
4a11
In base 7, what is -3201422260 - 3?
-3201422263
In base 3, what is -1110021201200001 - 2?
-1110021201200010
In base 9, what is 320 - -2285615?
2286035
In base 13, what is 602a52 + -3?
602a4c
In base 16, what is -14807 - 4ef?
-14cf6
In base 6, what is -1 - -120041131?
120041130
In base 14, what is -8 + 57ca7a?
57ca72
In base 11, what is -33327 + 153?
-33184
In base 8, what is 3 + 15040274?
15040277
In base 11, what is 2a3055 - a2?
2a2a63
In base 9, what is -25315 + -7233?
-33548
In base 14, what is aabc58 - 1?
aabc57
In base 3, what is 2012 + -1101220212221201?
-1101220212212112
In base 12, what is 12 - 82727?
-82715
In base 10, what is -1660 + -351488?
-353148
In base 11, what is 5242 - 49015?
-43883
In base 15, what is -3 - a33378?
-a3337b
In base 2, what is -10001000000111 + -10000010?
-10001010001001
In base 16, what is -30a4f - -11e?
-30931
In base 3, what is -122002022 + -21020?
-122100112
In base 11, what is -51 - -163057a?
1630529
In base 6, what is -245450 - 343113?
-1033003
In base 16, what is -96 - -ed5f?
ecc9
In base 7, what is -21506 - -52133?
30324
In base 4, what is -111 - -1312001103?
1312000332
In base 15, what is 345 + 2028?
236d
In base 7, what is 2 + 2462355?
2462360
In base 3, what is 210 + 21201112212?
21201120122
In base 9, what is -102815 - 11?
-102826
In base 14, what is -21d4b - 168?
-220b5
In base 15, what is -1 - -370cd?
370cc
In base 8, what is -1047143123 + 5?
-1047143116
In base 14, what is 3570243 + -2?
3570241
In base 10, what is 1 + 12220993?
12220994
In base 8, what is -22 + -246707?
-246731
In base 10, what is 25623 + -6713?
18910
In base 3, what is 2202122120221 + -101?
2202122120120
In base 12, what is -3 + 3546142?
354613b
In base 3, what is -22221102 - 22010?
-100020112
In base 14, what is -149607 + b1?
-149536
In base 2, what is 10100010111100 + 11001001000010?
101101011111110
In base 6, what is 425310213114 + 0?
425310213114
In base 10, what is -156953 - 147?
-157100
In base 7, what is 64320454 + 0?
64320454
In base 6, what is 5 - 3142120320?
-3142120311
In base 13, what is -24a + -b87?
-1104
In base 14, what is 813d4 + -4?
813d0
In base 7, what is -110 + -610131?
-610241
In base 3, what is -121211 + -1002111121?
-1010010102
In base 9, what is -68184 + -227?
-68422
In base 11, what is -1aa4204 - 0?
-1aa4204
In base 15, what is -20966 + -75?
-209db
In base 2, what is -1111001100000101011000011 - -1111?
-1111001100000101010110100
In base 16, what is 8cc0 + 5f0?
92b0
In base 11, what is -26a5 + -572?
-3167
In base 7, what is 16 + 1155514206?
1155514225
In base 10, what is -3080 - 3172?
-6252
In base 8, what is -3573 - 1220570?
-1224363
In base 11, what is 21649 - 1?
21648
In base 8, what is 3065 - 27761?
-24674
In base 15, what is -4e51b678 + 1?
-4e51b677
In base 14, what is -c3 - -856bd?
855da
In base 6, what is -3024531001 + 3?
-3024530554
In base 6, what is 10 - 1342101?
-1342051
In base 13, what is -57 + -692068?
-6920c2
In base 15, what is -3525b + -e?
-3526a
In base 9, what is -13850573 + 58?
-13850514
In base 13, what is 9ca4a5c + 2?
9ca4a61
In base 7, what is -346144 - 13103?
-362250
In base 14, what is 12ca95 + 36?
12cacb
In base 10, what is 5 + -6693480?
-6693475
In base 11, what is 453 + -134794?
-134341
In base 9, what is 747 - -55378?
56236
In base 9, what is 666 - 76787?
-76121
In base 11, what is 2 + -589367?
-589365
In base 9, what is 50538 + 73?
50622
In base 9, what is 65 - 300158?
-300083
In base 16, what is -1910404 + 2a?
-19103da
In base 11, what is -a8 - 813?
-910
In base 12, what is 159a + 13519?
14ab7
In base 3, what is 11010212122 + 212?
11010220111
In base 6, what is -4 + -24201254554?
-24201255002
In base 16, what is -3f + -1f2d7b?
-1f2dba
In base 4, what is 201130333 - 13?
201130320
In base 13, what is -c8 - 8507b?
-85176
In base 10, what is 11 + -15578923?
-15578912
In base 13, what is 32383b91 - -1?
32383b92
In base 8, what is 246250142 - 27?
246250113
In base 6, what is -20550250 - 15?
-20550305
In base 8, what is 507601 - 15?
507564
In base 14, what is 4 + -5a83573?
-5a8356d
In base 10, what is 24 + -760670?
-760646
In base 14, what is -920 - -21460?
20940
In base 4, what is 12131202 - 11131?
12120011
In base 5, what is 2444 - 24000132?
-23442133
In base 16, what is -5 + -7edc4